umber?
False
Is 1182553 composite?
True
Is 230719 prime?
True
Is 360749 prime?
True
Is 181537 composite?
False
Is 1881697 a prime number?
True
Is 5911 composite?
True
Is 3513 composite?
True
Is 94169 composite?
False
Is 18509 composite?
True
Is 77797 a composite number?
False
Is 458494 composite?
True
Is 362567 prime?
False
Is 61849 a prime number?
False
Is 548801 a prime number?
False
Is 282859 prime?
False
Is 30067 composite?
True
Is 384043 prime?
False
Is 135887 a composite number?
False
Is 51277 a prime number?
False
Is 98633 composite?
True
Is 492791 a composite number?
True
Is 724259 a composite number?
False
Is 3863 composite?
False
Is 41089 a prime number?
False
Is 944771 a composite number?
True
Is 65777 a composite number?
False
Is 27457 a composite number?
False
Is 85589 prime?
False
Is 10123 a composite number?
True
Is 24121 composite?
False
Is 40961 a prime number?
True
Is 1255 a prime number?
False
Is 4267 composite?
True
Is 75977 prime?
False
Is 68617 a composite number?
True
Is 6247 composite?
False
Is 3761 a prime number?
True
Is 242839 a prime number?
False
Is 635087 a composite number?
False
Is 1146217 a composite number?
False
Is 5149 a composite number?
True
Is 180949 a composite number?
False
Is 151717 a prime number?
True
Is 289837 a prime number?
True
Is 36739 a prime number?
True
Is 313507 prime?
True
Is 7283 a prime number?
True
Is 549353 prime?
False
Is 95549 composite?
False
Is 15421 composite?
True
Is 163853 composite?
False
Is 28321 prime?
False
Is 2210357 prime?
False
Is 46297 prime?
False
Is 1299743 a composite number?
False
Is 8419 a prime number?
True
Is 69809 a composite number?
False
Is 152967 a prime number?
False
Is 14983 a prime number?
True
Is 63177 prime?
False
Is 100131 a prime number?
False
Is 17647 composite?
True
Is 69371 prime?
True
Is 102707 a composite number?
True
Is 3300355 composite?
True
Is 1164061 a composite number?
True
Is 150169 a composite number?
False
Is 257687 a prime number?
True
Is 38405 prime?
False
Is 51137 a prime number?
True
Is 853 prime?
True
Is 11959 a composite number?
False
Is 57809 a composite number?
False
Is 58085 composite?
True
Is 89785 composite?
True
Is 6527 composite?
True
Is 1361 composite?
False
Is 24131 a composite number?
True
Is 56965 prime?
False
Is 383291 a composite number?
False
Is 30802 a composite number?
True
Is 614 prime?
False
Is 216833 a composite number?
True
Is 7941 composite?
True
Is 307243 composite?
False
Is 10685 composite?
True
Is 29113 a composite number?
True
Is 102397 a composite number?
False
Is 2927 a composite number?
False
Is 33713 a composite number?
False
Is 10581 a composite number?
True
Is 95291 prime?
False
Is 7451 composite?
False
Is 1191 a composite number?
True
Is 2533 prime?
False
Is 5639 a composite number?
False
Is 787 a prime number?
True
Is 1421723 a composite number?
True
Is 17237 prime?
False
Is 3974 a composite number?
True
Is 289 prime?
False
Is 143731 composite?
True
Is 450749 a composite number?
True
Is 12791 prime?
True
Is 9998 a prime number?
False
Is 563107 a prime number?
False
Is 246427 prime?
False
Is 241901 a prime number?
False
Is 2939 composite?
False
Is 3803047 prime?
True
Is 33329 prime?
True
Is 82627 a composite number?
True
Is 39439 a prime number?
True
Is 19739 composite?
False
Is 280277 a prime number?
True
Is 700586 prime?
False
Is 4829 composite?
True
Is 614 composite?
True
Is 424481 composite?
False
Is 58717 prime?
False
Is 67447 prime?
True
Is 5051 a prime number?
True
Is 41063 prime?
False
Is 2226989 composite?
False
Is 39473 a composite number?
True
Is 6997 composite?
False
Is 124231 a composite number?
False
Is 183283 a prime number?
True
Is 40213 prime?
True
Is 21779 a prime number?
False
Is 8999 composite?
False
Is 48673 composite?
False
Is 924929 composite?
False
Is 39511 a prime number?
True
Is 498805 composite?
True
Is 6421 a composite number?
False
Is 646769 a prime number?
False
Is 115459 prime?
True
Is 534571 composite?
False
Is 371 prime?
False
Is 1177 a prime number?
False
Is 3802 a composite number?
True
Is 91837 prime?
True
Is 6449 composite?
False
Is 4143 a prime number?
False
Is 22853 a prime number?
True
Is 270659 a composite number?
False
Is 15439 prime?
True
Is 355891 composite?
False
Is 531611 a prime number?
True
Is 452041 a prime number?
True
Is 2609 a composite number?
False
Is 317729 a composite number?
False
Is 9194 a prime number?
False
Is 115201 prime?
True
Is 17863 composite?
False
Is 3679 composite?
True
Is 8329 composite?
False
Is 16057 prime?
True
Is 14447 prime?
True
Is 9661 a prime number?
True
Is 191581 a composite number?
True
Is 1849843 a prime number?
True
Is 43853 a prime number?
True
Is 10481 a prime number?
False
Is 16603 prime?
True
Is 14349 a composite number?
True
Is 72401 composite?
True
Is 23531 a prime number?
True
Is 15581 a prime number?
True
Is 9601 a prime number?
True
Is 525763 prime?
False
Is 1927097 a prime number?
True
Is 19191 composite?
True
Is 1773221 a composite number?
True
Is 8059 prime?
True
Is 54751 prime?
True
Is 1726079 a composite number?
False
Is 40783 prime?
False
Is 1450721 prime?
False
Is 713227 a prime number?
True
Is 160707 a composite number?
True
Is 33223 prime?
True
Is 1236457 prime?
False
Is 161807 composite?
False
Is 2707 prime?
True
Is 4861 a prime number?
True
Is 117269 composite?
False
Is 56569 prime?
True
Is 17609 prime?
True
Is 432533 composite?
True
Is 199009 prime?
False
Is 92693 a prime number?
True
Is 47189 a prime number?
True
Is 2684607 prime?
False
Is 111653 prime?
True
Is 92459 composite?
False
Is 13639 a composite number?
True
Is 40787 composite?
False
Is 13917 a prime number?
False
Is 11419 prime?
False
Is 414047 a prime number?
False
Is 25257 prime?
False
Is 131389 composite?
True
Is 24359 a prime number?
True
Is 2627 a composite number?
True
Is 4201 prime?
True
Is 495269 prime?
True
Is 89653 composite?
False
Is 19322 composite?
True
Is 182986 prime?
False
Is 1676163 a composite number?
True
Is 35147 a composite number?
True
Is 28277 prime?
True
Is 4327 composite?
False
Is 10991 prime?
False
Is 20897 a composite number?
False
Is 13171 a prime number?
True
Is 3079 composite?
False
Is 296551 a prime number?
True
Is 759299 composite?
True
Is 1343 prime?
False
Is 61345 prime?
False
Is 84453 a prime number?
False
Is 244345 prime?
False
Is 7079 prime?
True
Is 16823 prime?
True
Is 1397 a composite number?
True
Is 7183 a prime number?
False
Is 1399393 a prime number?
True
Is 130933 a composite number?
True
Is 329959 a composite number?
True
Is 68239 a prime number?
True
Is 49499 prime?
True
Is 5669 a composite number?
False
Is 15811 a prime number?
False
Is 1368379 a prime number?
False
Is 17291 prime?
True
Is 586139 composite?
False
Is 2771 a prime number?
False
Is 12587 a prime number?
False
Is 7817 a composite number?
False
Is 9481 a composite number?
True
Is 4853 composite?
True
Is 9127 prime?
True
Is 31279 a prime number?
False
Is 71257 a composite number?
False
Is 4286351 composite?
False
Is 112417 composite?
True
Is 438065 a composite number?
True
Is 6005 a composite number?
True
Is 315409 prime?
True
Is 35729 a composite number?
False
Is 13945 a prime number?
False
Is 80137 a prime number?
False
Is 31469 composite?
False
Is 1992583 prime?
True
Is 55291 prime?
True
Is 99113 a composite number?
True
Is 64271 prime?
True
Is 467611 composite?
False
Is 33897 a composite number?
True
Is 1668773 composite?
False
Is 97181 prime?
False
Is 31469 a prime number?
True
Is 1319 a prime number?
True
Is 302347 a composite number?
True
Is 140519 a prime number?
False
Is 151337 a composite number?
False
Is 18206 composite?
True
Is 2545 composite?
True
Is 14761 prime?
False
Is 101521 a composite number?
True
Is 206167 a prime number?
False
Is 86467 a composite number?
False
Is 7789 a composite number?
False
Is 1126 a prime number?
False
Is 100001 prime?
False
Is 480489 a prime number?
False
Is 24619 prime?
False
Is 149653 composite?
True
Is 178753 a prime number?
True
Is 7193851 composite?
True
Is 125771 composite?
True
Is 290389 a composite number?
True
Is 1311213 a composite number?
True
Is 8923 composite?
False
Is 8285 a prime number?
False
Is 1757 a composite number?
True
Is 1611131 composite?
False
Is 7033 a prime num